late the remainder when s(i) is divided by z.
22
Suppose -128 = -6*r - 10*r + 96. Calculate the remainder when 1144 is divided by r.
10
Let o = 3 - 1. Suppose -o*h - 60 = -5*h. What is the remainder when 76 is divided by h?
16
Suppose t + 10*r = 13*r + 153, 0 = 5*t + r - 845. What is the remainder when t is divided by 22?
14
Let x = -469 + 474. Suppose -25*y = -i - 23*y + 19, x*y - 15 = 0. Calculate the remainder when 197 is divided by i.
22
Let r(c) = c**3 - 87*c**2 + 828*c - 288. What is the remainder when r(77) is divided by 220?
218
Let u(i) = 158*i + 1608. Let q(a) = -a**2 - 6*a - 7. Let n be q(7). Let c = 97 - n. What is the remainder when c is divided by u(-10)?
27
Let t(w) = -34*w + 9. Let p(a) = 34*a - 10. Let c(h) = 5*p(h) + 6*t(h). What is the remainder when c(-3) is divided by 3 + (10 - -1) + (-55)/(770/28)?
10
Suppose -u = -0*u - 9. Suppose 5*y - 4*v = 199, -23*v - 39 = -y - 22*v. Calculate the remainder when y is divided by u.
7
Let v be (3 - 1)*(-214)/4. Let p = v + 185. Let m = -5278 + 5305. Calculate the remainder when p is divided by m.
24
Let p be 14/(-7)*(0 + (-1 - -2)). Let b(s) = s**3 + 11*s**2 - 14*s - 15. Calculate the remainder when p/6*159/6*-6 is divided by b(-12).
8
Let m(v) = v**3 - 4*v**2 + 2*v + 4. Let x be 644/(-18) - 18/81. Let s = -32 - x. What is the remainder when 55 is divided by m(s)?
7
Let g(i) = -3*i + 13. Suppose 3*n - 52 = w - 24, 42 = 5*n + 3*w. Calculate the remainder when g(-13) is divided by n.
7
Calculate the remainder when 24284/208*8/1 is divided by 11.
10
Calculate the remainder when 2966 is divided by -4 + 4 + 12546/(5 - -12).
14
Suppose -106 = t + m + 271, 0 = t + 2*m + 373. Let o = -4 - t. What is the remainder when o is divided by 27?
26
Suppose -2*g = 3 - 19. Let l(x) = -5*x + 5. Let a be l(g). Let q = a - -59. What is the remainder when q is divided by 15?
9
Let o(t) = -t**3 + 13*t**2 + 25*t - 16. Let h be o(13). Suppose 12*d - 8*d - 5*m - 1237 = 0, -m = -d + h. Calculate the remainder when d is divided by 31.
29
Let q be (-2 + (-12)/(-15))*-30. Let n(x) = -x**2 + 2*x + 18. Let j be n(6). Calculate the remainder when 42 is divided by j/q*-69*2.
19
Suppose 6*r - r - 790 = 0. Calculate the remainder when r is divided by 2007/63 + 2/14.
30
Suppose -5*a + 854 = -2*s, -4*s - 352 = 5*a - 1254. What is the remainder when 533 is divided by a?
11
Let r = 9895 + -9858. What is the remainder when 81 is divided by r?
7
Let r(t) = 4*t**3 + 68*t**2 - 5*t + 35. Let j be (-17)/(1/(-2)*(32 + -34)). Calculate the remainder when r(j) is divided by 46.
28
Suppose 49*m - 50*m = -11. Let z be (-2)/m + (-18)/22 + 2. What is the remainder when (14 - 16) + (z*107 - 1) is divided by 27?
23
Let z(p) = p**3 - 6*p**2 - 33*p + 17. Let b be z(10). Suppose -3*s - 2*m - b = -6*s, 5*s = 5*m + 150. What is the remainder when 105 is divided by s?
24
Suppose 4*z = -5*j + 17, j + 35 = -0*z + 4*z. Let h be (-16)/(-12) - z/6. Suppose h = -2*c - 8 + 48. What is the remainder when 36 is divided by c?
16
Suppose 88*k - 5631 - 3520 = 4753. What is the remainder when 554 is divided by k?
80
Suppose 2*g + 65 = 7*g. Let r = -130683 - -130734. What is the remainder when r is divided by g?
12
Suppose -12*y + 106 = -218. Suppose 3*i - 249 = -0*p - 3*p, -5*i - 2*p = -403. What is the remainder when i is divided by y?
25
Let a(j) = -3*j**3 + 5*j**2 + j. Let v be a(2). Let f(b) = -b**3 + 4*b + 5. What is the remainder when 46 is divided by f(v)?
1
Let i = -6608 - -6851. What is the remainder when 488 is divided by i?
2
Suppose 4*g - 6*g + 42 = 0. Suppose -5*u = 283 - 588. Calculate the remainder when u is divided by g.
19
Calculate the remainder when 54428/88 + 2/(4/(-7)) is divided by 156.
147
Suppose -16*q + 6246 = 21*q - 28*q. What is the remainder when q is divided by 187?
133
Let r(q) = q**2 + 99*q + 1556. What is the remainder when 74 is divided by r(-80)?
2
Suppose -2*p = 2*v - 58, 3*v - 130*p + 125*p - 87 = 0. Calculate the remainder when 261 is divided by v.
0
Let a(r) = 107*r - 523. Calculate the remainder when 5110 is divided by a(5).
10
Let c(m) = m**2 + 75*m - 514. What is the remainder when 431 is divided by c(7)?
11
Suppose 156 = 11*p - 2264. Suppose -4*o + p = 84. Calculate the remainder when 166 is divided by o.
30
Let z = 6644 - 2818. Calculate the remainder when z is divided by 174.
172
Let t = 12 - -29. Let j(n) = 15*n - 32. Calculate the remainder when j(6) is divided by t.
17
Suppose 0 = 2*b - 7 - 1. Suppose 0 = 3*q - 2*p - 211, -5*q - 20*p = -23*p - 351. Calculate the remainder when q is divided by b/(-18) + 634/18.
34
Suppose -4*q + 290 = -9*q. Let i = q - -57. Let v(a) = -8*a - 1. Calculate the remainder when 33 is divided by v(i).
5
Let z(v) = -2*v + 268. Calculate the remainder when z(-2) is divided by 32.
16
Let l = -179 + 181. Let t = l + 210. Calculate the remainder when t is divided by 27.
23
Let q = 5831 + -5539. What is the remainder when q is divided by 7?
5
Let x(r) = -57*r**2 + 60*r + 67. Let c(f) = -7*f + 2*f + 3*f + 2. What is the remainder when x(0) is divided by c(-6)?
11
Let n = 555 - 550. Suppose -j + v + 20 = 0, -n*j - 4*v - 2 = -75. What is the remainder when j is divided by (-3)/(1*2/(-6))?
8
Suppose 134*t + 2512 = 142*t. Let z = -238 + t. What is the remainder when z is divided by 22?
10
Suppose 4*h = 85 + 3. Suppose h = 4*s + f, -2*s + 2 = 4*f - 2. What is the remainder when 47 is divided by s?
5
Suppose -5*a + 127*t - 131*t + 1033 = 0, -3*a + t + 613 = 0. What is the remainder when 1017 is divided by a?
197
Suppose -y + 5*i = -25, i + 7 - 2 = -2*y. Suppose -2*q - q + 2*d = -10, y = 2*q + d - 16. What is the remainder when -25*((-6)/(-5) + -2) is divided by q?
2
Suppose -674 - 703 = -3*l. Calculate the remainder when (-2)/10 - l/(-45) is divided by (6/((-6)/(-5)) - -5) + -3.
3
Let v be 4/14 - (-130)/35. Suppose -2*d + 21 = 3*k, -7 = 4*k - 5*k + v*d. What is the remainder when 2/(-6) + (-52)/(-3) is divided by k?
3
Suppose -85 = 27*p - 2299. What is the remainder when p is divided by 15?
7
Let c(s) = s**3 + 13*s**2 - 6*s + 16. Let h be c(-10). Suppose 18*u - h = 974. What is the remainder when u is divided by 13?
10
Let b(k) = -9*k**2 + 9*k - 11. Let c be b(6). Let s = c + 510. Let q = -181 - -210. Calculate the remainder when s is divided by q.
26
Let t(h) be the first derivative of 17*h**2 + 188*h - 188. Calculate the remainder when 48 is divided by t(-5).
12
Suppose -2*p - 2*p = -2*b - 2174, 3*b = 3. Suppose -4*k + p + 1712 = 0. Suppose -10*i + k = -566. What is the remainder when i is divided by 29?
26
Let b(n) = -n**2 + 98*n - 524. Calculate the remainder when b(20) is divided by 57.
10
Let d = -164 + 337. Let q = d + -26. Calculate the remainder when q is divided by 30.
27
Suppose -3*t - 525 = -2784. Let d = t + -557. What is the remainder when d is divided by 50?
46
Suppose -o + 3*o + 26 = 4*c, -5*c - 3*o + 38 = 0. Suppose 0 = -5*j + 4*j - 14. Let t = 16 + j. Calculate the remainder when c is divided by t.
1
Let u(h) = -767*h - 3292. What is the remainder when u(-5) is divided by 56?
39
Suppose -i = -3*s + 27 + 21, 4*i + 22 = 2*s. Let a be (-8)/((-48)/(-18)) - -7. What is the remainder when 399/12 - 1/a is divided by s?
16
Let d(a) = 23*a**3 - a**2 + 2*a - 3. Suppose 44*s - 12 = 38*s. Calculate the remainder when d(s) is divided by 61.
59
Let r = 71 - 49. Suppose -40*s = -36*s - 304. Suppose -s*p + 74*p + 130 = 0. What is the remainder when p is divided by r?
21
What is the remainder when 1138 is divided by 4*4/184 + 125169/759?
148
Let m(l) be the third derivative of 5*l**4/24 + 7*l**3 - 414*l**2 + 2*l. Suppose d = -4*d - 30. Calculate the remainder when 105 is divided by m(d).
9
Suppose -l - 9 = -21. Suppose -5*t + 3*f + 469 = 0, -f + 4*f - 359 = -4*t. Calculate the remainder when t is divided by (-8)/32 - (-231)/l.
16
Let a = -22 - -59. Let f = 3214 - 3205. Calculate the remainder when a is divided by f.
1
Calculate the remainder when (2/3)/(26/2925) is divided by 6.
3
What is the remainder when (-12)/5*38325/(-140) is divided by 111?
102
Suppose 9*k - 59 = 22. Suppose -k*t - 44 = 10. Calculate the remainder when (-4 - -3)/((-9)/(-96))*t is divided by 33.
31
Let k = 45552 + -45548. Suppose y + 20 = 5*y. Suppose -y*v - 7 = -2*b + 32, -4*b + 70 = -2*v. Calculate the remainder when b